er when 2333 is divided by 11?
1
What is the remainder when 2831 is divided by 2785?
46
What is the remainder when 399 is divided by 341?
58
Calculate the remainder when 6880 is divided by 959.
167
What is the remainder when 22082 is divided by 1300?
1282
Calculate the remainder when 83851 is divided by 599.
590
Calculate the remainder when 559116 is divided by 9.
0
What is the remainder when 57067 is divided by 91?
10
What is the remainder when 1190 is divided by 195?
20
What is the remainder when 2185 is divided by 6?
1
Calculate the remainder when 1286 is divided by 91.
12
What is the remainder when 72466 is divided by 549?
547
What is the remainder when 3509 is divided by 1440?
629
Calculate the remainder when 18680 is divided by 101.
96
What is the remainder when 562941 is divided by 192?
189
What is the remainder when 10268 is divided by 1009?
178
Calculate the remainder when 6553 is divided by 2122.
187
Calculate the remainder when 8782 is divided by 2900.
82
Calculate the remainder when 882 is divided by 86.
22
What is the remainder when 690897 is divided by 35?
32
Calculate the remainder when 922 is divided by 373.
176
Calculate the remainder when 2185 is divided by 231.
106
Calculate the remainder when 996978 is divided by 90634.
4
Calculate the remainder when 890 is divided by 576.
314
Calculate the remainder when 40757 is divided by 63.
59
What is the remainder when 251074 is divided by 381?
376
Calculate the remainder when 2309 is divided by 616.
461
What is the remainder when 20233 is divided by 10083?
67
What is the remainder when 357245 is divided by 11?
9
Calculate the remainder when 32217 is divided by 4590.
87
What is the remainder when 29004 is divided by 1705?
19
Calculate the remainder when 96248 is divided by 126.
110
Calculate the remainder when 6544 is divided by 3266.
12
What is the remainder when 41021 is divided by 627?
266
Calculate the remainder when 1386544 is divided by 462166.
46
What is the remainder when 13225 is divided by 826?
9
What is the remainder when 12801 is divided by 285?
261
What is the remainder when 444 is divided by 136?
36
What is the remainder when 76190 is divided by 12693?
32
Calculate the remainder when 12983 is divided by 111.
107
Calculate the remainder when 588 is divided by 152.
132
Calculate the remainder when 3721 is divided by 343.
291
Calculate the remainder when 14989 is divided by 1391.
1079
What is the remainder when 6114 is divided by 1475?
214
What is the remainder when 106222 is divided by 11?
6
What is the remainder when 6343 is divided by 129?
22
Calculate the remainder when 77417 is divided by 30.
17
What is the remainder when 4499116 is divided by 39?
37
Calculate the remainder when 76778 is divided by 753.
725
Calculate the remainder when 332327 is divided by 488.
487
Calculate the remainder when 570579 is divided by 20.
19
What is the remainder when 485 is divided by 156?
17
Calculate the remainder when 6882 is divided by 633.
552
Calculate the remainder when 89489 is divided by 952.
1
Calculate the remainder when 77514 is divided by 343.
339
What is the remainder when 27790 is divided by 6930?
70
Calculate the remainder when 37321 is divided by 5320.
81
Calculate the remainder when 46750 is divided by 158.
140
What is the remainder when 11496 is divided by 695?
376
Calculate the remainder when 243697 is divided by 30461.
9
What is the remainder when 26861 is divided by 1078?
989
What is the remainder when 4648 is divided by 34?
24
What is the remainder when 11135 is divided by 18?
11
Calculate the remainder when 701 is divided by 16.
13
Calculate the remainder when 13696 is divided by 4503.
187
What is the remainder when 8581 is divided by 75?
31
Calculate the remainder when 13157 is divided by 289.
152
What is the remainder when 1912029 is divided by 16?
13
What is the remainder when 496614 is divided by 356?
350
What is the remainder when 11942 is divided by 660?
62
What is the remainder when 15590 is divided by 3894?
14
What is the remainder when 4612 is divided by 1556?
1500
Calculate the remainder when 1509 is divided by 692.
125
Calculate the remainder when 18307 is divided by 2002.
289
Calculate the remainder when 296626 is divided by 6591.
31
What is the remainder when 13248 is divided by 96?
0
What is the remainder when 191209 is divided by 323?
316
What is the remainder when 299306 is divided by 42757?
7
Calculate the remainder when 145160 is divided by 2016.
8
What is the remainder when 6892 is divided by 3430?
32
Calculate the remainder when 32259 is divided by 16111.
37
What is the remainder when 284125 is divided by 785?
740
What is the remainder when 165233 is divided by 540?
533
Calculate the remainder when 475134 is divided by 117.
114
What is the remainder when 16912 is divided by 528?
16
What is the remainder when 56283 is divided by 19?
5
What is the remainder when 30054 is divided by 1877?
22
Calculate the remainder when 28621 is divided by 16.
13
What is the remainder when 1056090 is divided by 608?
602
What is the remainder when 2777 is divided by 23?
17
Calculate the remainder when 7031 is divided by 26.
11
Calculate the remainder when 6808 is divided by 96.
88
Calculate the remainder when 1093 is divided by 522.
49
Calculate the remainder when 5248 is divided by 236.
56
What is the remainder when 13949 is divided by 1220?
529
What is the remainder when 148231 is divided by 26?
5
What is the remainder when 711 is divided by 326?
59
Calculate the remainder when 4318 is divided by 7.
6
What is the remainder when 76667 is divided by 74?
3
What is the remainder when 9377 is divided by 20?
17
Calculate the remainder when 40880 is divided by 25.
5
What is the remainder when 1090 is divided by 516?
58
Calculate the remainder when 23741 is divided by 7901.
38
Calculate the remainder when 1176 is divided by 56.
0
What is the remainder when 3049 is divided by 1053?
943
What is the remainder when 3169 is divided by 3050?
119
Calculate the remainder when 38013 is divided by 1140.
393
What is the remainder when 2491 is divided by 24?
19
Calculate the remainder when 144542 is divided by 205.
17
What is the remainder when 1843 is divided by 188?
151
Calculate the remainder when 46075 is divided by 17.
5
What is the remainder when 22410 is divided by 22409?
1
What is the remainder when 2759 is divided by 2708?
51
Calculate the remainder when 76945 is divided by 66.
55
What is the remainder when 51967 is divided by 128?
127
What is the remainder when 538566 is divided by 329?
322
What is the remainder when 7643 is divided by 1035?
398
What is the remainder when 3681 is divided by 1839?
3
What is the remainder when 7960 is divided by 7706?
254
What is the remainder when 1129144 is divided by 84?
16
Calculate the remainder when 11837 is divided by 3384.
1685
Calculate the remainder when 140100 is divided by 46689.
33
Calculate the remainder when 6434 is divided by 2139.
17
Calculate the remainder when 1045763 is divided by 3557.
5
Calculate the remainder when 33826 is divided by 584.
538
Calculate the remainder when 5373 is divided by 455.
368
What is the remainder when 7858617 is divided by 210?
207
What is the remainder when 37927 is divided by 18963?
1
What is the remainder when 45881 is divided by 192?
185
Calculate the remainder when 2454 is divided by 1189.
76
What is the remainder when 1794060 is divided by 573?
570
What is the remainder when 13591 is divided by 43?
3
What is the remainder when 33 is divided by 3?
0
What is the remainder when 8104 is divided by 85?
29
What is the remainder when 764866 is divided by 137?
132
Calculate the remainder when 7922 is divided by 758.
342
Calculate the remainder when 11754 is divided by 1416.
426
Calculate the remainder when 193 is divided by 39.
37
What is the remainder when 1170 is divided by 1?
0
What is the remainder when 6988 is divided by 81?
22
Calculate the remainder when 1367 is divided by 682.
3
What is the remainder when 208354 is divided by 2023?
2008
What is the remainder when 36907 is divided by 1842?
67
Calculate the remainder when 39340 is divided by 5619.
7
Calculate the remainder when 5645 is divided by 28.
17
Calculate the remainder when 23851 is divided by 77.
58
What is the remainder when 46